 hundred thousands digit of 1859128?
8
What is the hundred thousands digit of 417508?
4
What is the hundred thousands digit of 1301439?
3
What is the units digit of 243539?
9
What is the ten thousands digit of 479117?
7
What is the tens digit of 9435180?
8
What is the hundreds digit of 353879?
8
What is the ten thousands digit of 567836?
6
What is the units digit of 34547?
7
What is the ten thousands digit of 5558565?
5
What is the thousands digit of 557825?
7
What is the thousands digit of 1315835?
5
What is the tens digit of 5050154?
5
What is the ten thousands digit of 2993009?
9
What is the thousands digit of 11387288?
7
What is the units digit of 2167?
7
What is the units digit of 13916068?
8
What is the hundreds digit of 129457?
4
What is the tens digit of 8534105?
0
What is the hundreds digit of 599578?
5
What is the hundred thousands digit of 376997?
3
What is the hundred thousands digit of 2672921?
6
What is the thousands digit of 542365?
2
What is the ten thousands digit of 297963?
9
What is the thousands digit of 454953?
4
What is the hundred thousands digit of 12499232?
4
What is the tens digit of 260263?
6
What is the hundreds digit of 202811?
8
What is the tens digit of 13771521?
2
What is the tens digit of 798641?
4
What is the thousands digit of 327746?
7
What is the millions digit of 15103115?
5
What is the tens digit of 947993?
9
What is the hundreds digit of 8270219?
2
What is the hundred thousands digit of 1501595?
5
What is the ten thousands digit of 14840?
1
What is the hundred thousands digit of 1610810?
6
What is the tens digit of 1199921?
2
What is the hundreds digit of 74163?
1
What is the hundred thousands digit of 2068793?
0
What is the tens digit of 3611442?
4
What is the thousands digit of 248721?
8
What is the millions digit of 27953218?
7
What is the tens digit of 369120?
2
What is the hundred thousands digit of 2200250?
2
What is the hundreds digit of 1354319?
3
What is the millions digit of 1715222?
1
What is the thousands digit of 710216?
0
What is the tens digit of 1257296?
9
What is the thousands digit of 20219007?
9
What is the hundred thousands digit of 297912?
2
What is the hundreds digit of 728814?
8
What is the ten thousands digit of 1775460?
7
What is the tens digit of 1550809?
0
What is the tens digit of 400287?
8
What is the tens digit of 251709?
0
What is the tens digit of 14594102?
0
What is the hundreds digit of 195409?
4
What is the tens digit of 309098?
9
What is the hundreds digit of 11583084?
0
What is the ten thousands digit of 298318?
9
What is the units digit of 649492?
2
What is the tens digit of 7123177?
7
What is the hundred thousands digit of 2209984?
2
What is the hundred thousands digit of 218231?
2
What is the millions digit of 1407303?
1
What is the units digit of 320754?
4
What is the thousands digit of 1189116?
9
What is the units digit of 6033249?
9
What is the hundreds digit of 3537871?
8
What is the hundreds digit of 79764?
7
What is the hundred thousands digit of 840787?
8
What is the hundreds digit of 163934?
9
What is the millions digit of 10660560?
0
What is the units digit of 617870?
0
What is the hundred thousands digit of 13644135?
6
What is the ten thousands digit of 921110?
2
What is the hundreds digit of 31924584?
5
What is the thousands digit of 7433852?
3
What is the hundred thousands digit of 13058109?
0
What is the ten thousands digit of 225635?
2
What is the millions digit of 1957842?
1
What is the ten thousands digit of 16094417?
9
What is the hundreds digit of 2001905?
9
What is the thousands digit of 62585?
2
What is the tens digit of 256153?
5
What is the millions digit of 4543701?
4
What is the units digit of 596316?
6
What is the units digit of 19336546?
6
What is the ten thousands digit of 199425?
9
What is the tens digit of 548045?
4
What is the hundreds digit of 666708?
7
What is the ten thousands digit of 236285?
3
What is the hundreds digit of 909158?
1
What is the ten thousands digit of 1095764?
9
What is the hundred thousands digit of 1989722?
9
What is the units digit of 3852786?
6
What is the units digit of 30545?
5
What is the units digit of 1015535?
5
What is the hundred thousands digit of 18813050?
8
What is the thousands digit of 363215?
3
What is the ten thousands digit of 281896?
8
What is the tens digit of 308346?
4
What is the hundred thousands digit of 9803901?
8
What is the ten thousands digit of 11212413?
1
What is the millions digit of 1144058?
1
What is the tens digit of 1091470?
7
What is the tens digit of 1050507?
0
What is the hundred thousands digit of 1859798?
8
What is the millions digit of 18030843?
8
What is the ten thousands digit of 2822774?
2
What is the millions digit of 7719118?
7
What is the ten thousands digit of 22910?
2
What is the ten thousands digit of 302885?
0
What is the hundred thousands digit of 1721028?
7
What is the millions digit of 6065447?
6
What is the ten thousands digit of 87813?
8
What is the units digit of 410631?
1
What is the units digit of 1986484?
4
What is the thousands digit of 21483187?
3
What is the tens digit of 16937797?
9
What is the hundred thousands digit of 354292?
3
What is the hundred thousands digit of 183847?
1
What is the units digit of 8575967?
7
What is the ten thousands digit of 268941?
6
What is the ten thousands digit of 9146129?
4
What is the hundred thousands digit of 1045144?
0
What is the millions digit of 16354049?
6
What is the ten millions digit of 10694281?
1
What is the hundreds digit of 13598243?
2
What is the millions digit of 1486655?
1
What is the thousands digit of 2454601?
4
What is the thousands digit of 7856037?
6
What is the thousands digit of 21906945?
6
What is the hundred thousands digit of 6432664?
4
What is the thousands digit of 63310?
3
What is the ten millions digit of 11500427?
1
What is the ten thousands digit of 1997050?
9
What is the units digit of 3276126?
6
What is the hundreds digit of 25861875?
8
What is the thousands digit of 18836071?
6
What is the units digit of 2157859?
9
What is the units digit of 4968367?
7
What is the hundreds digit of 1105212?
2
What is the millions digit of 1850142?
1
What is the ten thousands digit of 3390951?
9
What is the tens digit of 2519368?
6
What is the hundreds digit of 20020?
0
What is the units digit of 4742154?
4
What is the thousands digit of 658020?
8
What is the thousands digit of 10813561?
3
What is the ten millions digit of 24313042?
2
What is the ten thousands digit of 796267?
9
What is the thousands digit of 450592?
0
What is the hundreds digit of 23476?
4
What is the units digit of 366440?
0
What is the thousands digit of 142666?
2
What is the millions digit of 3758032?
3
What is the ten thousands digit of 872251?
7
What is the hundreds digit of 152135?
1
What is the hundreds digit of 3809835?
8
What is the ten millions digit of 17980438?
1
What is the hundreds digit of 348060?
0
What is the millions digit of 8493003?
8
What is the ten millions digit of 11611848?
1
What is the ten thousands digit of 95915?
9
What is the ten thousands digit of 2508492?
0
What is the millions digit of 3239138?
3
What is the hundreds digit of 7650020?
0
What is the ten thousands digit of 113358?
1
What is the ten thousands digit of 7079651?
7
What is the thousands digit of 892121?
2
What is the ten thousands digit of 33484?
3
What is the hundreds digit of 479769?
7
What is the units digit of 456665?
5
What is the millions digit of 15136349?
5
What is the hundred thousands digit of 3756800?
7
What is the ten thousands digit of 515399?
1
What is the thousands digit of 7635236?
5
What is the hundreds digit of 13178248?
2
What is the units digit of 4545?
5
What is the hundreds digit of 6017?
0
What is the ten thousands digit of 1150444?
5
What is the thousands digit of 220790?
0
What is the thousands digit of 11501811?
1
What is the ten thousands digit of 145900?
4
What is the units digit of 275362?
2
What is the units digit of 977907?
7
What is the thousands digit of 8670969?
0
What is the thousands digit of 237165?
7
What is the units digit of 3567?
7
What is the hundreds digit of 923509?
5
What is the millions digit of 19318185?
9
What is the units digit of 2087923?
3
What is the ten thousands digit of 352981?
5
Wh